Calculate v(h).
-7
Let r(g) be the second derivative of -11*g**3/6 - 159*g**2/2 + 498*g. What is r(-15)?
6
Let y(n) = n + 1. Let m be y(-4). Let p(h) = 74 - 31 - 4*h - 11 - 3*h**2 - 22. Let r be p(m). Let u(c) = c**2 + 4*c - 7. Calculate u(r).
-2
Let n(k) = -3*k**2 - 3*k + 1. Let z be 16/(-10) + 15/25. Let v be z/(-2)*-3*2. Calculate n(v).
-17
Let g be (8/10)/((-3)/15). Let i(l) = -14*l**3 + 10*l**2 + 4*l + 7. Let m(h) = 5*h**3 - 2*h**2 - 1. Let n(u) = -i(u) - 3*m(u). Determine n(g).
12
Let g(i) = -161 + 137 - 113 + 11*i + 138. Suppose 0*h - 5*h - 5 = 0. What is g(h)?
-10
Let g = -35 - -41. Let b be g/8*(-88)/(-33). Let p(a) = -5*a - a**b - 2*a - 13 + 6*a. Determine p(0).
-13
Let d(m) = -11*m + 7. Suppose 2*c - 85 = -5*t - 78, 2*c - 10 = -2*t. What is d(c)?
-59
Let q be (2/5)/((-2)/(-10)). Suppose q - 10 = -b. Let v(o) = 2 + 9*o + 5 - o**2 - 2*o - 8 - 5 + 3*o. Give v(b).
10
Let u(s) be the second derivative of -s**7/2520 - s**6/120 - s**4/6 - s**3/2 + 2*s + 13. Let r(n) be the third derivative of u(n). Give r(-6).
0
Let u(t) = -12*t - 12*t + 20*t - 95*t + 2 + 31*t. What is u(-1)?
70
Let q(o) = -o**2 + 16*o + 3. Let b = -15088 - -15104. Give q(b).
3
Let z(x) be the second derivative of x**5/20 - x**4/3 - x**3/2 - x**2 + 3*x. Let l = 3612 + -3607. What is z(l)?
8
Let w be (-3016)/234 + 13 + 64/(-9). Let n(z) = z**2 + 7*z - 3. Determine n(w).
-3
Let r(d) be the second derivative of -d**3/2 - d**2/2 - 16*d. Let o be (-13)/(-3) - (-18)/27. Suppose o*w - 3*w = -12. Give r(w).
17
Suppose 2*s = 2*q - 12, 0*q - 3*q - 4*s + 32 = 0. Suppose -3*z = -q*z - 5*a + 25, -4*z - 5*a + 19 = 0. Let b(p) = 8 - 4*p + p + p. Determine b(z).
-4
Let f(q) be the third derivative of q**6/60 - 71*q**5/60 - 3*q**4/2 + 5*q**3/3 + q**2 - 29*q - 88. Calculate f(36).
10
Let t(x) = -x**2 - 65*x - 866. Let k be t(-46). Let u(h) = -2*h - 13. Calculate u(k).
-29
Let m = -122 + 124. Suppose d = 5*y + 13 - 37, 12 = 5*y + m*d. Let r(c) = 4*c**3 + 4*c**2 - c**3 - 5*c**3 + c**3 - 4 + c. Calculate r(y).
0
Let o(n) = 2*n + 1. Let x be o(0). Suppose 4*h = -3 - x. Let l(j) = 3*j. Determine l(h).
-3
Let w(x) be the first derivative of x**4 + 2*x**3/3 - 4*x**2 + 13*x - 108. Let b(z) = z**3 + 3*z**2 + 1. Let o(r) = -3*b(r) + w(r). Calculate o(8).
10
Suppose 4*l + 4*c = -20, -6*c + 3*c - 15 = 0. Let d(q) be the first derivative of q - 1/4*q**4 + l*q**2 + 16 + 4/3*q**3. What is d(4)?
1
Suppose 156*d + 30 = 161*d. Let h(c) = -3*c + d + 5*c - 8 - 3*c + 2*c. What is h(-2)?
-4
Let j(m) = 5*m**2 - 7*m. Let u(h) = 3*h**2 - 6*h - 1. Let p(c) = 2*j(c) - 3*u(c). Determine p(0).
3
Let z(r) = r**3 + 6*r**2 - 5*r - 4. Let s = 5 + -1. Suppose s*c + 21 = 7*c. Suppose 0*l - c = l. Calculate z(l).
-18
Let g(v) = -13*v + 2*v + 5*v + 14*v + 116 + 2*v. What is g(-13)?
-14
Let a = -49327 - -49321. Let t(j) = -6 + 6 + 4 + j. What is t(a)?
-2
Let k(s) = 123*s**2 + 129*s**2 - 254*s**2 - 13*s - 5*s - 5 - 27. Determine k(-7).
-4
Let s(l) = 2*l - 17. Let f be s(4). Let j(t) = -17*t - 5. Let c(h) = 3*h + 2. Let v(q) = -6*c(q) - j(q). Give v(f).
2
Suppose -4*u = 11*u + 720. Let r be (-7 - 2)*u/72. Let d(h) = h**2 - 4*h - 12. Calculate d(r).
0
Let q(p) be the first derivative of p**4/12 - p**3/2 - 2*p**2 + 243*p + 282. Let z(c) be the first derivative of q(c). Determine z(4).
0
Let x = -1100 + 1108. Let h(i) = -i - 19. Give h(x).
-27
Let t(c) = -c**3 - 51*c**2 + 14*c + 4. Let b(j) = -j**3 - 58*j**2 + 17*j + 3. Let r(d) = 4*b(d) - 5*t(d). What is r(-23)?
38
Let w(x) = -7*x**2 + 4*x - 11. Let a = 14191 + -14191. Calculate w(a).
-11
Let g(s) be the first derivative of -s**3 + 28*s**2 - 36*s - 1226. What is g(18)?
0
Let f(h) = h**3 - 5*h**2 + 9*h - 30. Suppose 105*o - 23*o - 410 = 0. Give f(o).
15
Suppose 3*o + 19 = 2*a, a - 4*a - 2*o = 4. Let q(n) = 6 - 10 - a + 5 + n. Give q(6).
5
Let b(r) = 2*r**3 + 7*r**2 - 9*r - 14. Let z = -11439 - -11435. Give b(z).
6
Let d(q) = q + 6. Let g(x) = 3*x - 7. Let o be g(3). Let r be 1066/(-39) + o/6. Let u = 22 + r. What is d(u)?
1
Suppose -3*f + 22 = 4*i + 6, -2*f = -4*i - 4. Let n(x) be the first derivative of -4*x - 2*x**2 - i - 2/3*x**3. Determine n(-3).
-10
Let a(t) be the second derivative of t**5/20 - t**3/6 + 7*t**2/2 - 2960*t. Calculate a(0).
7
Let g(d) = -d**3 - 3*d**2 - d. Let x(t) be the second derivative of -t**4/6 + 5*t**3 - 31*t**2/2 - 66*t. Let b be x(14). Calculate g(b).
3
Let b(f) be the first derivative of f**4/4 - 5*f**3/3 - 5*f**2/2 + 44*f + 12275. What is b(4)?
8
Let m(y) = 3*y - 43. Suppose -21*d - 57 = 11 + 100. Determine m(d).
-67
Suppose -x - 4*o - 7 = 10, 0 = -4*o - 16. Let h be x + (-4)/6 + 34/6. Suppose 3*i + 2*i + 2*c = -8, -h*c - 16 = -3*i. Let t(j) = j**3 + 7. Give t(i).
7
Let i be (4 - -2) + (-6)/2. Let w(u) = 2*u + 6*u**i - u**3 - 3*u**2 - 1 + u**2. Calculate w(1).
4
Let x(d) = -d**3 - 12*d**2 + 26*d - 20. Let g be (-43)/3 + -1 - (416/(-96) - -3). Give x(g).
8
Let k(b) be the first derivative of b**5/20 - 5*b**4/6 + b**3/6 - 4*b**2 - 37*b - 58. Let s(q) be the first derivative of k(q). What is s(10)?
2
Let x(z) = -2*z**2 - 3*z - 2. Let p(a) be the third derivative of 7*a**4/12 + a**3/3 - 9*a**2. Let k be p(1). Let g = k - 18. Determine x(g).
-4
Let x(m) = -19*m + 3902 + 3862 - 7839. Give x(-5).
20
Let y = -90 - -126. Let m = y - 22. Let v(u) = -12*u - 4 + 19 - m. Give v(1).
-11
Let o(j) = j**3 + 9*j**2 - 3*j - 31. Suppose 5*q + 49 = b, -7*b = -q - 9*b - 1. Give o(q).
-4
Let y(r) be the second derivative of 3*r**3/2 - 3*r**2/2 + 2*r - 9. Let x be (-12)/6 + -3 - -8. What is y(x)?
24
Let f(n) = 2*n + 13. Let w be -27 - (-7 - 198/22). Calculate f(w).
-9
Let z = 8 + -5. Let b(y) = -3 + 1 + 1 - z - 2*y. Let v be 21/(12/(-4)) + (1 - -2). Give b(v).
4
Let u = 8 - 13. Let h(m) = 748*m + 76. Let b(j) = -1620*j - 165. Let v(a) = -6*b(a) - 13*h(a). Give v(u).
22
Let o be (-732)/671*(-11)/2. Let f(g) = 14*g - 8. Give f(o).
76
Let a be (1 - -20)*(-34)/102. Let u = 0 + a. Let l(t) be the first derivative of -t**2 - 5*t - 2. Give l(u).
9
Let h(r) = -2*r**3 - 3*r**2 + 2*r + 4. Let m be h(-2). Let c be 0 - (6/(-4))/(2/m). Let n(x) = x**2 - 2*x + 2. What is n(c)?
5
Let h(w) be the first derivative of -w**4/4 + 10*w**3/3 + 5*w**2/2 + 9*w + 1320. Calculate h(11).
-57
Let u(h) = h**2 + 22*h + 12. Let o(b) = -6*b**2 - 109*b - 61. Let g(v) = 2*o(v) + 11*u(v). Give g(24).
10
Let t(x) = -x**2 + 8*x + 55. Let y(w) = 4*w**2 - 24*w - 189. Let h(a) = 7*t(a) + 2*y(a). Calculate h(-3).
-8
Let g(x) = 20*x + 2. Suppose 4*b = -2 + 26. Let s(w) = 7*w + 1. Let l(q) = b*g(q) - 17*s(q). Determine l(0).
-5
Let t be (6 - (1 + 16)) + 12. Let b(u) = -55*u - 6. Give b(t).
-61
Let g = -7365 - -7357. Let q(t) = t**3 + 3*t**2 - 40*t + 2. Determine q(g).
2
Let m(p) = 2*p**3 - p**2 - 3*p + 3. Let b be ((2/(-10))/1)/(1/(-5)). Determine m(b).
1
Let u(r) = -573 - 11*r + 7*r - r**2 + 592. Let i be u(-8). Let n(j) = -j**2 - 15*j - 18. Give n(i).
8
Let v(i) be the second derivative of 5*i**3/6 - 3*i**2 + 1581*i. Let w(t) = 2*t - 10. Let b be w(8). Determine v(b).
24
Let l(m) be the second derivative of -m**4/12 - 4*m**3/3 - 2*m**2 - 2*m. Suppose -2*z - z + 18 = 0. Suppose 27 + 15 = -z*s. Give l(s).
3
Suppose d - 4*x + 16 = 2*d, 4*d - 10 = 2*x. Let h(k) = -1 + 6*k - 1 + 5*k**2 - 2*k - 7*k**2. Determine h(d).
-18
Let b(y) = y + 16. Let u be b(-10). Suppose u*z - 117 - 39 = 0. Let q = -22 + z. Let o(r) = r. What is o(q)?
4
Let i(w) = 190 - 17*w - 377 + 0*w**2 - 5*w**2 + 173 + 4*w**2. Give i(-12).
46
Let q(b) be the third derivative of -b**5/60 - 5*b**4/6 - 29*b**3/2 - 2*b**2 - 13*b. Let t be q(-12). Let p(x) = x**2 - 10*x. What is p(t)?
-9
Suppose -1565*c = s - 1560*c - 13, 0 = -c. Let m(f) = 5*f + 40. Calculate m(s).
105
Let i(w) = -71 + w**3 + 15*w + 22 + 31 - 10*w**2 + 20. What is i(7)?
-40
Let d be (-15)/(330/154) + (1 - 3). Let h(v) = v**2 + 5 + 8 - 4*v + 0*v + 14*v. What is h(d)?
4
Suppose 5*l = -3*j + 4*j + 11, l = 2*j + 4. Suppose -n + l*i + 11 = 5*i, -4*i + 14 = 2*n. Let t(m) = -4*m**2 - 1. Determine t(n).
-5
Let d(t) = -t + 1. Suppose 10*f = 6*f - 4. Let g be f/((-7)/(-7))*3. Calculate d(g).
4
Let x(i) = 3*i + 14. Let y(d) = -6 - 7 - 21 - 6 - 10*d. Let o(l) = 8*x(l) + 3*y(l). Let q(k) = -k. Let m be q(6). What is o(m)?
28
Let z be 2 + 2*-1 - -2. Suppose 256*u - 250*u - 66 = 0. Let m(r) = -4 + r**2 -